actor of y and 500?
20
Let p(q) = 28*q + 14. Let s = -190 + 194. Let v be p(s). Calculate the highest common divisor of 54 and v.
18
Let q(p) = 3*p**3 - 2*p**2 - 7*p + 3. Let n be q(3). Suppose 372*a - 108 = 368*a. What is the greatest common divisor of n and a?
9
Suppose 5*a = -30, -3*a + 11 - 70 = -y. Suppose 5*l - 600 - 1675 = -4*i, l - 3*i - 436 = 0. Calculate the greatest common factor of y and l.
41
Suppose 28*r + 35*r - 360 = 18*r. What is the highest common divisor of r and 596?
4
Suppose 2*a + 10 = 0, 3*a = 5*h - 3*h - 83. Suppose 14 = -32*j + h*j. Calculate the highest common factor of j and 2.
1
Let v = 50 + -7. Let m be -1*(0 + 2) - (-1 - v). Suppose -3*z + 28 = -z - a, -5*z + 72 = -3*a. What is the greatest common divisor of m and z?
6
Suppose 3*w = f - 1055, -2146 = -143*f + 141*f - 3*w. Calculate the greatest common factor of 253 and f.
11
Let v be 875 - (1 + (0 + -6 - -4)). Calculate the highest common factor of 444 and v.
12
Let n(x) = 145*x**2 - 2*x. Let q be n(2). Let c = 5286 + -5250. What is the highest common divisor of q and c?
36
Let p = 5887 + -5770. Calculate the greatest common factor of 24219 and p.
117
Let b be 14*((-475)/10)/(-5). Suppose 3*h - 4*v = 0, v = -0*v. Suppose h = 3*g - 3 - 54. Calculate the highest common divisor of g and b.
19
Suppose 0 = l + 5*o - 2*o + 26, 3*l - o + 28 = 0. Let t be (-1 + l)*1/(-4). Let z be 112/21 + 4/6. Calculate the highest common divisor of z and t.
3
Let x = -3196 - -3367. Calculate the highest common factor of x and 18639.
171
Suppose 4*h - 65 = -9*y + 10*y, 30 = 3*h + 3*y. Let q be (-42)/((-2)/(-1))*(-25)/h. What is the greatest common divisor of q and 5?
5
Let j be 7 + -4 + 3*4/6. Suppose -j = p - 4. Let q be (2 + -9)/(p/13). Calculate the greatest common factor of 13 and q.
13
Let a = -19892 + 19960. What is the greatest common factor of 2822 and a?
34
Suppose -4*u + 10*n = 7*n - 99, 0 = -4*u - 2*n + 54. What is the greatest common factor of 1413 and u?
9
Let g = -24 - -54. Let n = 16 - -2. Let z be -24*(n/(-72))/((-2)/(-4)). What is the highest common divisor of z and g?
6
Let u(p) = 151*p + 5641. Let y be u(-37). What is the highest common divisor of y and 1971?
27
Let b be (168/35)/(-10 + 6 + (-83)/(-20)). What is the highest common divisor of b and 944?
16
Let n = -45 + 48. Suppose -n*g - a + 80 = 0, 3*g + 31*a - 29*a = 82. Suppose -o = -3*v + 74, 2*v + o = 2*o + 48. What is the greatest common factor of v and g?
26
Suppose -12*t = 5*t - 102. Let a be 6/(-18)*-18 + t. What is the highest common divisor of a and 66?
6
Let y be ((-216)/(-14))/(312/1456). Calculate the greatest common factor of y and 636.
12
Let b(o) = 2*o**3 + 4*o**2 + 2*o - 5. Let v be b(1). Let p be 72/(-30)*(-10)/v. What is the highest common divisor of 44 and p?
4
Suppose k - 19 = -4*f, 2*k + 45 = -3*f + 58. Let p(c) = 208*c**2 + 16*c + 16. Let d be p(k). Calculate the greatest common divisor of 52 and d.
52
Let o = 6733 - 6535. What is the greatest common factor of 3894 and o?
66
Suppose 53*g = 43*g + 80. Let p be (23 - (-6 - -17))*126/g. Calculate the greatest common factor of 7 and p.
7
Let g(w) = w**2 - 29*w + 245. Let t be g(15). What is the greatest common divisor of t and 2345?
35
Let i = -14720 + 22013. What is the greatest common divisor of 286 and i?
143
Suppose 25*j + 94*j - 111027 = 0. Calculate the greatest common divisor of j and 3.
3
Suppose 1184 = 39*t + 131. Let z = 272 - -349. Calculate the highest common divisor of z and t.
27
Let v be 66/10*10/(-4)*(-20)/10. Calculate the highest common factor of 9075 and v.
33
Let y be 724 + 60 - (1 + 2). Calculate the highest common factor of 11 and y.
11
Suppose 3*b - 25 = -n + 49, 3*b - 15 = 0. Suppose n - 171 = -14*d. Calculate the highest common factor of d and 36.
4
Let f be (-6)/(-4) + 1525/(-10). Let a = f - -223. Calculate the highest common divisor of 96 and a.
24
Let s(i) = -2*i**2 - 7*i - 4. Let g be s(-4). Let m = 17 - g. Suppose 5*w = m + 45. What is the highest common factor of w and 56?
14
Let i be (-6)/((-9)/(-3)) + 6. Let v be (0 - (-3 + i))*-6. Calculate the greatest common factor of v and 174.
6
Let t be 160/(-6)*(1023/372 + (-10)/2). What is the greatest common factor of 340 and t?
20
Suppose 61*u = 66*u + 45. Let l(w) = 2*w**2 + 2*w + 120. Let r be l(u). What is the greatest common factor of 24 and r?
24
Suppose 5*q = 5*y - 290, -32*y - 5*q = -34*y + 122. Calculate the greatest common divisor of y and 1652.
28
Let s be (-3)/((-3)/4) - -2. Let j(a) = -a**2 - 220*a + 5877. Let w be j(-244). What is the greatest common factor of s and w?
3
Let t(z) be the first derivative of -z**3/3 + 9*z**2/2 - 18*z + 16. Let q be t(9). Let g = q - -23. What is the greatest common divisor of 1 and g?
1
Suppose i - 64 = -0*i. Let a be 2/4*(18 + i). Let x = 68 - a. Calculate the highest common divisor of 27 and x.
27
Suppose 2613 - 588 = -5*o. Let y = o + 427. Let c(w) = 177*w - 1. Let z be c(1). Calculate the highest common factor of z and y.
22
Let r = 12396 + -12364. Calculate the greatest common factor of 48 and r.
16
Suppose -4379 = -2*b - 18*b - 1299. Calculate the greatest common divisor of b and 2134.
22
Suppose -45*d + 38*d + 427 = 0. Suppose 64*g - 3*z = d*g + 15, 0 = 4*g + 5*z - 11. Calculate the highest common divisor of g and 58.
2
Suppose -3*p + 0 = -9. Let a be (p*4)/(3 - 335/115). Suppose a - 38 = i. What is the highest common factor of i and 20?
20
Let x be (-6 - -7) + 4/1. Suppose v + x*f - 166 = 0, 5*f + 302 = v + v. Let n = 2074 - 2061. Calculate the highest common factor of n and v.
13
Let j = 128 + -189. Let n = j - -62. What is the greatest common factor of 5 and n?
1
Suppose -49467 + 61567 = 20*i. Calculate the greatest common divisor of i and 726.
121
Let v be 551*4 + (156 - 171). Calculate the highest common divisor of 11 and v.
11
Suppose -4*j + 3948 = 4*u, 1099*j - 1094*j - 3*u - 4879 = 0. Calculate the greatest common divisor of j and 15.
5
Suppose -3586 = -4*q - 0*q - 2110. Calculate the highest common divisor of 615 and q.
123
Suppose -2*m + 5*v = 3*m - 465, -4*m - 5*v = -354. Suppose 860 = 51*h + 43*h - 362. Calculate the highest common factor of m and h.
13
Suppose -2*v - q = -0*q - 3, 4*v + 4*q = 0. Suppose v*n - 20 = n. Calculate the highest common factor of 35 and n.
5
Suppose -g = -41*l + 37*l - 12, 4*l = 20. Calculate the greatest common divisor of g and 68.
4
Let z be ((-4)/5)/(60/(-1650)). Let c be (-15)/6*44/(-55). What is the highest common factor of z and c?
2
Suppose 3*w = 3*s + 630, 10*s = -3*w + 12*s + 630. Let t be 4290/w - (-6)/(-14). What is the greatest common divisor of 35 and t?
5
Let j(v) = -2*v**3 - 76*v**2 + 2*v + 78. Let f be j(-38). Suppose -f*u + 16 = -670. Calculate the greatest common factor of 49 and u.
49
Let w be (10 + (-1104)/12)*(1 + 5). Let r be ((-19)/(-3) + -7)*w. What is the highest common divisor of r and 82?
82
Let y(t) = 67*t - 935. Let q be y(15). Suppose -62 = -5*j - 12. What is the greatest common factor of q and j?
10
Let c be (-12)/(60/(-25)) + (0 - (-99 + 5)). Calculate the greatest common factor of c and 9141.
33
Suppose 27*k - 1272 - 726 = 0. Suppose -k*c = -71*c - 81. What is the greatest common factor of c and 351?
27
Suppose 17*q - 522 = 1263. Let u be 4971/63 - (200/q + -2). What is the highest common divisor of 79 and u?
79
Suppose -5*n - 45*a + 2831 = -41*a, -5*a = 5. What is the highest common factor of 105 and n?
21
Suppose 4*f = 3*k + 1675 - 617, 2*f - k = 534. Let n = 6 - -11. Calculate the greatest common factor of n and f.
17
Let v be 2/6 - ((-40223)/3 + 832/104). Calculate the highest common divisor of v and 40.
40
Let w = 761 + -1118. Let l = 397 + w. Calculate the greatest common divisor of 440 and l.
40
Suppose -y - 40 = -32. Let p be -7*y/112 + (-502)/(-4). Calculate the greatest common factor of p and 14.
14
Suppose -5*j + 7*q = 10*q - 279, 159 = 3*j - q. Suppose 71*i + j = 74*i. What is the highest common factor of 54 and i?
18
Let a(u) = -4*u**2 - 2*u - 162. Let p(t) = 3*t**2 + 2*t + 162. Let x(y) = 4*a(y) + 5*p(y). Let q be x(0). Calculate the highest common divisor of 243 and q.
81
Suppose s - 55 = 6*s. Suppose -v + 2*v + 147 = 4*n, 4*n = 4*v + 156. Let m be (n/1)/((231/(-14))/s). What is the greatest common factor of m and 216?
24
Let r(v) 